 10 = 5*g. List the prime factors of x.
41
Suppose 22 = -3*j - z, -3*j - 12 = -j + 2*z. Let m(t) = -t - 4. List the prime factors of m(j).
2
Suppose -2*s + 1 = -5. Suppose -o - 10 = -s*o. List the prime factors of o.
5
Suppose 0 = 8*j - 3*j - 260. What are the prime factors of j?
2, 13
Let g = 116 - 95. List the prime factors of g.
3, 7
What are the prime factors of 2/((-572)/144 + 4)?
2, 3
Suppose -14*j + 1012 = -1830. What are the prime factors of j?
7, 29
Let i(y) be the second derivative of y**4/6 + y**3/6 - y**2 + y. List the prime factors of i(-3).
13
Suppose 0 = 5*v - 13*v + 232. List the prime factors of v.
29
Suppose 3*p - 3 = -5*j + 2, 0 = 5*p + 3*j - 3. Let a = 2 - p. Suppose a*f - 19 = 1. What are the prime factors of f?
2, 5
Suppose -5*d + 126 = -214. Suppose -d + 23 = 5*a. List the prime factors of (-1)/(-3) + (-42)/a.
5
Suppose 0 = r + 3*y - 10, -4*r + 0*y = y + 4. What are the prime factors of r/3*66/(-4)?
11
Let x be (-18 - 1)*1 + 3. Let c = -5 - x. List the prime factors of c.
11
Let r = -10 + 15. Suppose 4*q + 104 = 3*c + 2*q, -r*c - 2*q = -184. What are the prime factors of c?
2, 3
Let k = -52 + 87. What are the prime factors of k?
5, 7
Suppose i + 3*t - 2 = 0, -8 = -3*i + 8*i - 3*t. List the prime factors of ((-50)/(-6))/(i/(-3)).
5
Let f = 11 + -6. Let n(h) = h - f + 4 + 2*h**2 + 3*h. List the prime factors of n(-3).
5
Let v be 65/7 + (-6)/21. Let z be (-1 + -1 - 2) + -2. List the prime factors of (-3)/v - 32/z.
5
Let b be ((-8)/(-6))/(8/108). Suppose -4 - b = -g. Suppose -2*r = 3*s - g, -2*s + 2*r = 3*r - 13. List the prime factors of s.
2
Let x = 20 + -12. Let d = x + 6. What are the prime factors of d?
2, 7
Suppose 300 = 3*q - 2*x, -3*x + 2*x = -2*q + 200. List the prime factors of q.
2, 5
Suppose 2*n = -124 + 564. What are the prime factors of n/18 - 4/18?
2, 3
Let j(k) = 2*k**2 + 1. Suppose -4 = -5*d + 6. Let z = d - -1. List the prime factors of j(z).
19
Let x(z) = z**2 + 3*z - 4. Let c be x(-5). Suppose 0 = 5*g - 4*g - c. Let j(k) = k**3 - 5*k**2 - 3*k - 4. List the prime factors of j(g).
2, 7
Let q(z) = z**3 + 1. Let u(f) = -4*f**3 + 8*f**2 - 13. Let l(n) = 5*q(n) + u(n). Let x be l(-8). List the prime factors of 3/(-1 + -2)*x.
2
Let h(c) = 7*c + 1. Suppose 6*q = 7*q - 2. List the prime factors of h(q).
3, 5
Let f(l) = -2*l + 2. List the prime factors of f(-10).
2, 11
Suppose 5*g = 2*g. Suppose c + 0*z - 2*z - 4 = g, 2*z = -4*c + 66. List the prime factors of (-6)/(-21) - (-150)/c.
11
Suppose -5*d - 3*y + 727 = 0, -421 = -3*d - 5*y + 28. What are the prime factors of d?
11, 13
Suppose m + 4*m + 5*l = 95, l + 71 = 5*m. What are the prime factors of m/2 - (-4)/(-8)?
7
List the prime factors of (-5)/(-10) + (-94)/(-4).
2, 3
Let c = 0 - -2. What are the prime factors of c?
2
Let h = -4 - -6. Suppose -y + 2 = -4*j + 9, -2*j - 4 = -2*y. Suppose -h*v + 26 = -j*t, 5*v + 3*t + 18 - 62 = 0. What are the prime factors of v?
2, 5
Suppose 3*m + 4*s - 67 = 0, m - 32 = 2*s - 3. What are the prime factors of m?
5
Suppose -3*w - 647 = -5*d, -2 = w - 3*w. What are the prime factors of d?
2, 5, 13
Let l(t) = t**2 - 8*t + 11. List the prime factors of l(8).
11
Let y(w) = -w**3 + 2*w**2 + 4*w + 1. Let s be y(3). What are the prime factors of 108/(-30)*(-10)/s?
3
Suppose 0 = -3*f + 15, -3*l = -l + 3*f - 135. Suppose -5*o - l = -3*w, 0*o + 5*o - 20 = -w. Suppose -7*n + 8*n - w = 0. What are the prime factors of n?
2, 5
What are the prime factors of (-7 + 10)*(60 - 1)*1?
3, 59
Let f(z) = 3*z**2 + z - 2. What are the prime factors of f(2)?
2, 3
Let q(c) = -5*c**2 + c + 5. Let s(d) = 4*d**2 - d - 4. Let y(h) = -5*q(h) - 6*s(h). Let w(r) be the first derivative of y(r). List the prime factors of w(4).
3
Let u(l) be the first derivative of l**3/3 - l**2/2 + 28*l + 2. Let s be u(0). Suppose -n = n - 2*m - s, -79 = -5*n - 4*m. List the prime factors of n.
3, 5
Let b(p) = p**2 + 5*p - 8. Let r be b(-6). Let h = 0 - r. What are the prime factors of 2/(h/9) + -1?
2
Suppose 7*y - 6 = 29. List the prime factors of y.
5
Let s(c) = -c + 3. Let z be s(0). Suppose -4*t - z = -11. Suppose q - 5*d = -q + 16, 5*d = -t*q + 16. List the prime factors of q.
2
Suppose w = -4*w + 165. List the prime factors of w.
3, 11
Suppose 0 = 2*g - 8, g - 196 = -4*a - g. What are the prime factors of a?
47
Let j(m) = m**2 - 4*m - 3. Suppose k = 5*k - 20. Let d be j(k). Suppose -2*r = -3*r + d. List the prime factors of r.
2
Let c be 4 - 1 - 0 - -15. Suppose -c = -5*a - 3*k, 4*a = -5*k - 3 + 7. List the prime factors of a.
2, 3
List the prime factors of (5/2 - 3)/(2/(-20)).
5
Let y = 17 + -7. Let m = 22 - y. What are the prime factors of m?
2, 3
Suppose 92 = 2*n + 4*p - p, 4*n - 184 = 4*p. What are the prime factors of n?
2, 23
Let c(x) = -x**3 - 4*x**2 - 3*x + 7. Let f be -9 + 4 - (-1 - -1). Let w be c(f). Suppose 2*d = -5*q + w, -38 = -5*d + 3*q + 2. List the prime factors of d.
11
Suppose 4*h - 118 = -3*t, -2*t = -4*h - 0*h - 92. List the prime factors of t.
2, 3, 7
Let x = 1 + 41. List the prime factors of x.
2, 3, 7
Let w(r) = -3*r - 9. What are the prime factors of w(-8)?
3, 5
Let c = 12 - 9. List the prime factors of c.
3
Let u be 1/(-1*1/(-35)). Suppose -u = -0*o - 5*o. List the prime factors of o.
7
Suppose 5*g + 0*g + z = 170, g + 2*z - 34 = 0. What are the prime factors of g?
2, 17
Let a = 123 + -82. List the prime factors of a.
41
Let x be (4 - -4) + 1 + -1. Let z = 13 - x. List the prime factors of z.
5
Let t(h) = h**3 + h**2 + 84. Let w be t(0). Suppose 0 = -2*n - 2*n - w. What are the prime factors of ((-18)/(-21))/((-3)/n)?
2, 3
Suppose -18 = -o + 4. Suppose -3*h + 38 = -o. What are the prime factors of h?
2, 5
Suppose -3*f - 185 = -8*f. What are the prime factors of f?
37
What are the prime factors of (-46)/(-6) - (1 + (-2)/6)?
7
Let p = -16 - -82. What are the prime factors of p?
2, 3, 11
Let g be -3*3/((-27)/(-6)). Let m be 6/4 - (-1)/g. Suppose l = -4*o - m + 22, -l + o + 6 = 0. List the prime factors of l.
3
Suppose -2*b + 0 = -4. Let y = b - 2. Suppose -5*o - 2*d + 27 = y, d - 8 = 4*o - 40. List the prime factors of o.
7
Let y(q) = -q + q - 2 - 4*q**2 - q. Let x be y(2). List the prime factors of 7*(x/(-7))/2.
2, 5
Let k = -99 + 140. List the prime factors of k.
41
Let n(u) = u**2 + 4*u - 3. List the prime factors of n(3).
2, 3
Let g = 165 + -75. List the prime factors of g.
2, 3, 5
Suppose -3*g - 3*w + 46 = -g, 3*w = 12. List the prime factors of g.
17
Suppose 0 = 2*h - 6 - 30. List the prime factors of h.
2, 3
Let i(d) = -2*d + 1. Let z be i(-3). Suppose -6*w + 3 = -2*w - 3*x, -w - 2*x - 2 = 0. What are the prime factors of z + 0/1 - w?
7
List the prime factors of 15/2 - (-1)/(-2).
7
Let u = 48 - 37. What are the prime factors of u?
11
Let b be -12*((-22)/8 + 2). Let z = -5 + b. List the prime factors of z.
2
Suppose -2*a + 5*f = -0*a - 122, -f - 170 = -3*a. Let x be 6/9 + 30/9. Suppose -4*m + a = -x. List the prime factors of m.
3, 5
Suppose 0 = -3*r - 4*j - 66 + 233, 5*r - 5*j - 290 = 0. Let h = r - 34. List the prime factors of h.
23
What are the prime factors of (-9)/(-6)*10 - -4?
19
Suppose 0*l = 4*l - 8. Suppose l*k = -k + 66. What are the prime factors of k?
2, 11
Let o(i) = i**3 - 7*i**2 - 5*i + 3. Let n(x) = -x**3 - 5*x**2 - x + 3. Let a be n(-5). List the prime factors of o(a).
3
Suppose -c - 3*c = -20. List the prime factors of (-102)/(-10) - 1/c.
2, 5
Suppose -10 = -2*q - 0*q. Let s be (-8)/q*(0 + 5). List the prime factors of 3/((-18)/s)*6.
2
Suppose 3*q + 4*t - 26 = 20, -3*t = -q + 37. Let d = q - 2. What are the prime factors of d?
2, 5
Suppose -k + 42 = 2*f, -f - 3*k + 4*k + 18 = 0. Let z be 4/(-22) - (-520)/(-44). Let d = f + z. What are the prime factors of d?
2
Suppose 0 = -3*w + 57 + 75. Let u = w + -22. What are the prime factors of (-1*u - 0)/(-2)?
11
Suppose -4*j = 1 - 25. List the prime factors of j/(-24) - (-89)/4.
2, 11
Let k = -104 + 218. What are the prime factors of k?
2, 3, 19
Suppose 6*s - s = 50. List the prime factors of s.
2, 5
Suppose a = 5, 7*t - 4*a - 5 = 2*t. Suppose 0 = -3*j - j - t*r + 43, 2*j - 3*r = 5. Let y = -1 + j. List the prime factors of y.
2, 3
Suppose 0*v + 14 = v. List the prime factors of v.
2, 7
Suppose -4*b = 4, 3*b + 3 = 2*y + 4*b. Suppose -25 = d - y*d. Suppose -p - 15 = 5*r, -5*p - r + d 